{"id":149,"date":"2020-08-26T23:40:18","date_gmt":"2020-08-26T21:40:18","guid":{"rendered":"http:\/\/www.trampskemuzeum.sk\/?page_id=149"},"modified":"2026-04-15T12:26:27","modified_gmt":"2026-04-15T10:26:27","slug":"archiv-severka-1989-1998","status":"publish","type":"page","link":"https:\/\/www.trampskemuzeum.sk\/index.php\/archiv-casopisu\/archiv-severka-1989-1998\/","title":{"rendered":"Arch\u00edv Severka 1989-1998"},"content":{"rendered":"<h3><strong>Arch\u00edv Severka 1989-1998<\/strong><\/h3>\n<p><em>s\u00fabory s\u00fa umiestnen\u00e9 na google disku Trampsk\u00e9ho m\u00fazea vo form\u00e1te pdf<\/em><\/p>\n<p>1989 \u2013 1998<\/p>\n<p data-wp-editing=\"1\"><a href=\"https:\/\/drive.google.com\/file\/d\/1uusFf5Db0LGGYa859Jfrex3zKleI0act\/view?usp=sharing\" target=\"_blank\" rel=\"noopener noreferrer\"><img loading=\"lazy\" decoding=\"async\" class=\"alignnone wp-image-110\" src=\"http:\/\/www.trampskemuzeum.sk\/wp-content\/uploads\/2020\/08\/titulka_1989_1_.jpg\" alt=\"\" width=\"169\" height=\"240\" srcset=\"https:\/\/www.trampskemuzeum.sk\/wp-content\/uploads\/2020\/08\/titulka_1989_1_.jpg 211w, https:\/\/www.trampskemuzeum.sk\/wp-content\/uploads\/2020\/08\/titulka_1989_1_-106x150.jpg 106w, https:\/\/www.trampskemuzeum.sk\/wp-content\/uploads\/2020\/08\/titulka_1989_1_-150x213.jpg 150w\" sizes=\"auto, (max-width: 169px) 100vw, 169px\" \/><\/a> <a href=\"https:\/\/drive.google.com\/file\/d\/1kU9BqfOlVywS4-D9u9CFNlSnoyBPT-tW\/view?usp=sharing\" target=\"_blank\" rel=\"noopener noreferrer\"><img loading=\"lazy\" decoding=\"async\" class=\"alignnone wp-image-111\" src=\"http:\/\/www.trampskemuzeum.sk\/wp-content\/uploads\/2020\/08\/titulka_1989_2_.jpg\" alt=\"\" width=\"165\" height=\"240\" srcset=\"https:\/\/www.trampskemuzeum.sk\/wp-content\/uploads\/2020\/08\/titulka_1989_2_.jpg 206w, https:\/\/www.trampskemuzeum.sk\/wp-content\/uploads\/2020\/08\/titulka_1989_2_-103x150.jpg 103w, https:\/\/www.trampskemuzeum.sk\/wp-content\/uploads\/2020\/08\/titulka_1989_2_-150x218.jpg 150w\" sizes=\"auto, (max-width: 165px) 100vw, 165px\" \/><\/a><\/p>\n<p><a href=\"https:\/\/drive.google.com\/file\/d\/1arErDcg4wZ_mIs0XbqilAy6iZ1i4a4Pu\/view?usp=sharing\" target=\"_blank\" rel=\"noopener noreferrer\"><img loading=\"lazy\" decoding=\"async\" class=\"alignnone wp-image-112\" src=\"http:\/\/www.trampskemuzeum.sk\/wp-content\/uploads\/2020\/08\/titulka_1990_1_.jpg\" alt=\"\" width=\"168\" height=\"240\" srcset=\"https:\/\/www.trampskemuzeum.sk\/wp-content\/uploads\/2020\/08\/titulka_1990_1_.jpg 210w, https:\/\/www.trampskemuzeum.sk\/wp-content\/uploads\/2020\/08\/titulka_1990_1_-105x150.jpg 105w, https:\/\/www.trampskemuzeum.sk\/wp-content\/uploads\/2020\/08\/titulka_1990_1_-150x214.jpg 150w\" sizes=\"auto, (max-width: 168px) 100vw, 168px\" \/><\/a> <a href=\"https:\/\/drive.google.com\/file\/d\/1rY8uOCAqMZR6Os3EAqxT2e-6Yrw_GxrB\/view?usp=sharing\" target=\"_blank\" rel=\"noopener noreferrer\"><img loading=\"lazy\" decoding=\"async\" class=\"alignnone wp-image-113\" src=\"http:\/\/www.trampskemuzeum.sk\/wp-content\/uploads\/2020\/08\/titulka_1990_2_.jpg\" alt=\"\" width=\"166\" height=\"240\" srcset=\"https:\/\/www.trampskemuzeum.sk\/wp-content\/uploads\/2020\/08\/titulka_1990_2_.jpg 208w, https:\/\/www.trampskemuzeum.sk\/wp-content\/uploads\/2020\/08\/titulka_1990_2_-104x150.jpg 104w, https:\/\/www.trampskemuzeum.sk\/wp-content\/uploads\/2020\/08\/titulka_1990_2_-150x216.jpg 150w\" sizes=\"auto, (max-width: 166px) 100vw, 166px\" \/><\/a> <a href=\"https:\/\/drive.google.com\/file\/d\/14Y4G3hdJU5UsYMnr-KtUcCjskC3xT1h4\/view?usp=sharing\" target=\"_blank\" rel=\"noopener noreferrer\"><img loading=\"lazy\" decoding=\"async\" class=\"alignnone wp-image-114\" src=\"http:\/\/www.trampskemuzeum.sk\/wp-content\/uploads\/2020\/08\/titulka_1990_3_.jpg\" alt=\"\" width=\"167\" height=\"240\" srcset=\"https:\/\/www.trampskemuzeum.sk\/wp-content\/uploads\/2020\/08\/titulka_1990_3_.jpg 209w, https:\/\/www.trampskemuzeum.sk\/wp-content\/uploads\/2020\/08\/titulka_1990_3_-105x150.jpg 105w, https:\/\/www.trampskemuzeum.sk\/wp-content\/uploads\/2020\/08\/titulka_1990_3_-150x215.jpg 150w\" sizes=\"auto, (max-width: 167px) 100vw, 167px\" \/><\/a> <a href=\"https:\/\/drive.google.com\/file\/d\/1uFjOFxAhrqs7Ka5hKK16AA7opSCiQDut\/view?usp=sharing\" target=\"_blank\" rel=\"noopener noreferrer\"><img loading=\"lazy\" decoding=\"async\" class=\"alignnone wp-image-115\" src=\"http:\/\/www.trampskemuzeum.sk\/wp-content\/uploads\/2020\/08\/titulka_1990_4_.jpg\" alt=\"\" width=\"168\" height=\"240\" srcset=\"https:\/\/www.trampskemuzeum.sk\/wp-content\/uploads\/2020\/08\/titulka_1990_4_.jpg 210w, https:\/\/www.trampskemuzeum.sk\/wp-content\/uploads\/2020\/08\/titulka_1990_4_-105x150.jpg 105w, https:\/\/www.trampskemuzeum.sk\/wp-content\/uploads\/2020\/08\/titulka_1990_4_-150x214.jpg 150w\" sizes=\"auto, (max-width: 168px) 100vw, 168px\" \/><\/a><\/p>\n<p><a href=\"https:\/\/drive.google.com\/file\/d\/1swZogrCQg6VNyw_ubUjSkCwB4-Q0ZOpQ\/view?usp=sharing\" target=\"_blank\" rel=\"noopener noreferrer\"><img loading=\"lazy\" decoding=\"async\" class=\"alignnone wp-image-116\" src=\"http:\/\/www.trampskemuzeum.sk\/wp-content\/uploads\/2020\/08\/titulka_1991_1_.jpg\" alt=\"\" width=\"167\" height=\"240\" srcset=\"https:\/\/www.trampskemuzeum.sk\/wp-content\/uploads\/2020\/08\/titulka_1991_1_.jpg 209w, https:\/\/www.trampskemuzeum.sk\/wp-content\/uploads\/2020\/08\/titulka_1991_1_-105x150.jpg 105w, https:\/\/www.trampskemuzeum.sk\/wp-content\/uploads\/2020\/08\/titulka_1991_1_-150x215.jpg 150w\" sizes=\"auto, (max-width: 167px) 100vw, 167px\" \/><\/a> <a href=\"https:\/\/drive.google.com\/file\/d\/1Gez78u-AaDAIzE0Hk6ijEqaxK4AaWUnx\/view?usp=sharing\" target=\"_blank\" rel=\"noopener noreferrer\"><img loading=\"lazy\" decoding=\"async\" class=\"alignnone wp-image-117\" src=\"http:\/\/www.trampskemuzeum.sk\/wp-content\/uploads\/2020\/08\/titulka_1991_2_.jpg\" alt=\"\" width=\"170\" height=\"240\" srcset=\"https:\/\/www.trampskemuzeum.sk\/wp-content\/uploads\/2020\/08\/titulka_1991_2_.jpg 212w, https:\/\/www.trampskemuzeum.sk\/wp-content\/uploads\/2020\/08\/titulka_1991_2_-106x150.jpg 106w, https:\/\/www.trampskemuzeum.sk\/wp-content\/uploads\/2020\/08\/titulka_1991_2_-150x212.jpg 150w\" sizes=\"auto, (max-width: 170px) 100vw, 170px\" \/><\/a> <a href=\"https:\/\/drive.google.com\/file\/d\/1N-ZZARkWLH2WmizYOWtivQcK0XLRSzS9\/view?usp=sharing\" target=\"_blank\" rel=\"noopener noreferrer\"><img loading=\"lazy\" decoding=\"async\" class=\"alignnone wp-image-118\" src=\"http:\/\/www.trampskemuzeum.sk\/wp-content\/uploads\/2020\/08\/titulka_1991_3_.jpg\" alt=\"\" width=\"170\" height=\"240\" srcset=\"https:\/\/www.trampskemuzeum.sk\/wp-content\/uploads\/2020\/08\/titulka_1991_3_.jpg 212w, https:\/\/www.trampskemuzeum.sk\/wp-content\/uploads\/2020\/08\/titulka_1991_3_-106x150.jpg 106w, https:\/\/www.trampskemuzeum.sk\/wp-content\/uploads\/2020\/08\/titulka_1991_3_-150x212.jpg 150w\" sizes=\"auto, (max-width: 170px) 100vw, 170px\" \/><\/a> <a href=\"https:\/\/drive.google.com\/file\/d\/1ZZ2TXLF_XWW7IBdQffqmApwCUdTr_Wgf\/view?usp=sharing\" target=\"_blank\" rel=\"noopener noreferrer\"><img loading=\"lazy\" decoding=\"async\" class=\"alignnone wp-image-119\" src=\"http:\/\/www.trampskemuzeum.sk\/wp-content\/uploads\/2020\/08\/titulka_1991_4_.jpg\" alt=\"\" width=\"174\" height=\"240\" srcset=\"https:\/\/www.trampskemuzeum.sk\/wp-content\/uploads\/2020\/08\/titulka_1991_4_.jpg 217w, https:\/\/www.trampskemuzeum.sk\/wp-content\/uploads\/2020\/08\/titulka_1991_4_-109x150.jpg 109w, https:\/\/www.trampskemuzeum.sk\/wp-content\/uploads\/2020\/08\/titulka_1991_4_-150x207.jpg 150w\" sizes=\"auto, (max-width: 174px) 100vw, 174px\" \/><\/a><\/p>\n<p><a href=\"https:\/\/drive.google.com\/file\/d\/1vS4AFo3ZN3SS174RlBR-tlHHrq5tJcfj\/view?usp=sharing\" target=\"_blank\" rel=\"noopener noreferrer\"><img loading=\"lazy\" decoding=\"async\" class=\"alignnone wp-image-120\" src=\"http:\/\/www.trampskemuzeum.sk\/wp-content\/uploads\/2020\/08\/titulka_1992_1_.jpg\" alt=\"\" width=\"173\" height=\"240\" srcset=\"https:\/\/www.trampskemuzeum.sk\/wp-content\/uploads\/2020\/08\/titulka_1992_1_.jpg 216w, https:\/\/www.trampskemuzeum.sk\/wp-content\/uploads\/2020\/08\/titulka_1992_1_-108x150.jpg 108w, https:\/\/www.trampskemuzeum.sk\/wp-content\/uploads\/2020\/08\/titulka_1992_1_-150x208.jpg 150w\" sizes=\"auto, (max-width: 173px) 100vw, 173px\" \/><\/a> <a href=\"https:\/\/drive.google.com\/file\/d\/1-X6FhtQ0dPCW629GtkDGq6c8xg5ib8-V\/view?usp=sharing\" target=\"_blank\" rel=\"noopener noreferrer\"><img loading=\"lazy\" decoding=\"async\" class=\"alignnone wp-image-121\" src=\"http:\/\/www.trampskemuzeum.sk\/wp-content\/uploads\/2020\/08\/titulka_1992_2_.jpg\" alt=\"\" width=\"165\" height=\"240\" srcset=\"https:\/\/www.trampskemuzeum.sk\/wp-content\/uploads\/2020\/08\/titulka_1992_2_.jpg 206w, https:\/\/www.trampskemuzeum.sk\/wp-content\/uploads\/2020\/08\/titulka_1992_2_-103x150.jpg 103w, https:\/\/www.trampskemuzeum.sk\/wp-content\/uploads\/2020\/08\/titulka_1992_2_-150x218.jpg 150w\" sizes=\"auto, (max-width: 165px) 100vw, 165px\" \/><\/a> <a href=\"https:\/\/drive.google.com\/file\/d\/1u_vLqRXv9lmy0KBdPQBYN-IW3hx0Bd_5\/view?usp=sharing\" target=\"_blank\" rel=\"noopener noreferrer\"><img loading=\"lazy\" decoding=\"async\" class=\"alignnone wp-image-122\" src=\"http:\/\/www.trampskemuzeum.sk\/wp-content\/uploads\/2020\/08\/titulka_1992_3_.jpg\" alt=\"\" width=\"171\" height=\"240\" srcset=\"https:\/\/www.trampskemuzeum.sk\/wp-content\/uploads\/2020\/08\/titulka_1992_3_.jpg 214w, https:\/\/www.trampskemuzeum.sk\/wp-content\/uploads\/2020\/08\/titulka_1992_3_-107x150.jpg 107w, https:\/\/www.trampskemuzeum.sk\/wp-content\/uploads\/2020\/08\/titulka_1992_3_-150x210.jpg 150w\" sizes=\"auto, (max-width: 171px) 100vw, 171px\" \/><\/a> <a href=\"https:\/\/drive.google.com\/file\/d\/10LGHRMJoCGqDUwrGPZ88IZ-HSsoWvGTs\/view?usp=sharing\" target=\"_blank\" rel=\"noopener noreferrer\"><img loading=\"lazy\" decoding=\"async\" class=\"alignnone wp-image-123\" src=\"http:\/\/www.trampskemuzeum.sk\/wp-content\/uploads\/2020\/08\/titulka_1992_4_.jpg\" alt=\"\" width=\"168\" height=\"240\" srcset=\"https:\/\/www.trampskemuzeum.sk\/wp-content\/uploads\/2020\/08\/titulka_1992_4_.jpg 210w, https:\/\/www.trampskemuzeum.sk\/wp-content\/uploads\/2020\/08\/titulka_1992_4_-105x150.jpg 105w, https:\/\/www.trampskemuzeum.sk\/wp-content\/uploads\/2020\/08\/titulka_1992_4_-150x214.jpg 150w\" sizes=\"auto, (max-width: 168px) 100vw, 168px\" \/><\/a><\/p>\n<p><a href=\"https:\/\/drive.google.com\/file\/d\/1cyGR5dzNxP-dc41QzdQ4ah0hclvRrWKh\/view?usp=sharing\" target=\"_blank\" rel=\"noopener noreferrer\"><img loading=\"lazy\" decoding=\"async\" class=\"alignnone wp-image-124\" src=\"http:\/\/www.trampskemuzeum.sk\/wp-content\/uploads\/2020\/08\/titulka_1993_1_.jpg\" alt=\"\" width=\"171\" height=\"240\" srcset=\"https:\/\/www.trampskemuzeum.sk\/wp-content\/uploads\/2020\/08\/titulka_1993_1_.jpg 214w, https:\/\/www.trampskemuzeum.sk\/wp-content\/uploads\/2020\/08\/titulka_1993_1_-107x150.jpg 107w, https:\/\/www.trampskemuzeum.sk\/wp-content\/uploads\/2020\/08\/titulka_1993_1_-150x210.jpg 150w\" sizes=\"auto, (max-width: 171px) 100vw, 171px\" \/><\/a> <a href=\"https:\/\/drive.google.com\/file\/d\/1e0lfn8sCy3hVwplnwZnxQuolMjjZfE7C\/view?usp=sharing\" target=\"_blank\" rel=\"noopener noreferrer\"><img loading=\"lazy\" decoding=\"async\" class=\"alignnone wp-image-125\" src=\"http:\/\/www.trampskemuzeum.sk\/wp-content\/uploads\/2020\/08\/titulka_1993_2_.jpg\" alt=\"\" width=\"170\" height=\"240\" srcset=\"https:\/\/www.trampskemuzeum.sk\/wp-content\/uploads\/2020\/08\/titulka_1993_2_.jpg 213w, https:\/\/www.trampskemuzeum.sk\/wp-content\/uploads\/2020\/08\/titulka_1993_2_-107x150.jpg 107w, https:\/\/www.trampskemuzeum.sk\/wp-content\/uploads\/2020\/08\/titulka_1993_2_-150x211.jpg 150w\" sizes=\"auto, (max-width: 170px) 100vw, 170px\" \/><\/a> <a href=\"https:\/\/drive.google.com\/file\/d\/1nSgtoFCnPbc16sRNAZFQ2km2ZeFAPEL9\/view?usp=sharing\" target=\"_blank\" rel=\"noopener noreferrer\"><img loading=\"lazy\" decoding=\"async\" class=\"alignnone wp-image-126\" src=\"http:\/\/www.trampskemuzeum.sk\/wp-content\/uploads\/2020\/08\/titulka_1993_3_.jpg\" alt=\"\" width=\"167\" height=\"240\" srcset=\"https:\/\/www.trampskemuzeum.sk\/wp-content\/uploads\/2020\/08\/titulka_1993_3_.jpg 209w, https:\/\/www.trampskemuzeum.sk\/wp-content\/uploads\/2020\/08\/titulka_1993_3_-105x150.jpg 105w, https:\/\/www.trampskemuzeum.sk\/wp-content\/uploads\/2020\/08\/titulka_1993_3_-150x215.jpg 150w\" sizes=\"auto, (max-width: 167px) 100vw, 167px\" \/><\/a> <a href=\"https:\/\/drive.google.com\/file\/d\/1ho7JaRSTj_yW3UV1aVBs6tX8cXHGAGas\/view?usp=sharing\" target=\"_blank\" rel=\"noopener noreferrer\"><img loading=\"lazy\" decoding=\"async\" class=\"alignnone wp-image-127\" src=\"http:\/\/www.trampskemuzeum.sk\/wp-content\/uploads\/2020\/08\/titulka_1993_4_.jpg\" alt=\"\" width=\"171\" height=\"240\" srcset=\"https:\/\/www.trampskemuzeum.sk\/wp-content\/uploads\/2020\/08\/titulka_1993_4_.jpg 214w, https:\/\/www.trampskemuzeum.sk\/wp-content\/uploads\/2020\/08\/titulka_1993_4_-107x150.jpg 107w, https:\/\/www.trampskemuzeum.sk\/wp-content\/uploads\/2020\/08\/titulka_1993_4_-150x210.jpg 150w\" sizes=\"auto, (max-width: 171px) 100vw, 171px\" \/><\/a><\/p>\n<p><a href=\"https:\/\/drive.google.com\/file\/d\/1xnPBKnB27L1iVwBI8tZr5zQBTT1ouHRp\/view?usp=sharing\" target=\"_blank\" rel=\"noopener noreferrer\"><img loading=\"lazy\" decoding=\"async\" class=\"alignnone wp-image-128\" src=\"http:\/\/www.trampskemuzeum.sk\/wp-content\/uploads\/2020\/08\/titulka_1994_1_.jpg\" alt=\"\" width=\"168\" height=\"240\" srcset=\"https:\/\/www.trampskemuzeum.sk\/wp-content\/uploads\/2020\/08\/titulka_1994_1_.jpg 210w, https:\/\/www.trampskemuzeum.sk\/wp-content\/uploads\/2020\/08\/titulka_1994_1_-105x150.jpg 105w, https:\/\/www.trampskemuzeum.sk\/wp-content\/uploads\/2020\/08\/titulka_1994_1_-150x214.jpg 150w\" sizes=\"auto, (max-width: 168px) 100vw, 168px\" \/><\/a> <a href=\"https:\/\/drive.google.com\/file\/d\/1uR0eMOft9oW6qzdUL0vZAcpqO8HPTYaf\/view?usp=sharing\" target=\"_blank\" rel=\"noopener noreferrer\"><img loading=\"lazy\" decoding=\"async\" class=\"alignnone wp-image-129\" src=\"http:\/\/www.trampskemuzeum.sk\/wp-content\/uploads\/2020\/08\/titulka_1994_2_.jpg\" alt=\"\" width=\"167\" height=\"240\" srcset=\"https:\/\/www.trampskemuzeum.sk\/wp-content\/uploads\/2020\/08\/titulka_1994_2_.jpg 209w, https:\/\/www.trampskemuzeum.sk\/wp-content\/uploads\/2020\/08\/titulka_1994_2_-105x150.jpg 105w, https:\/\/www.trampskemuzeum.sk\/wp-content\/uploads\/2020\/08\/titulka_1994_2_-150x215.jpg 150w\" sizes=\"auto, (max-width: 167px) 100vw, 167px\" \/><\/a> <a href=\"https:\/\/drive.google.com\/file\/d\/1OTQS7iLxB-Qp8ogs9lYqbMjYAFFRc7bs\/view?usp=sharing\" target=\"_blank\" rel=\"noopener noreferrer\"><img loading=\"lazy\" decoding=\"async\" class=\"alignnone wp-image-130\" src=\"http:\/\/www.trampskemuzeum.sk\/wp-content\/uploads\/2020\/08\/titulka_1994_3_.jpg\" alt=\"\" width=\"172\" height=\"240\" srcset=\"https:\/\/www.trampskemuzeum.sk\/wp-content\/uploads\/2020\/08\/titulka_1994_3_.jpg 215w, https:\/\/www.trampskemuzeum.sk\/wp-content\/uploads\/2020\/08\/titulka_1994_3_-108x150.jpg 108w, https:\/\/www.trampskemuzeum.sk\/wp-content\/uploads\/2020\/08\/titulka_1994_3_-150x209.jpg 150w\" sizes=\"auto, (max-width: 172px) 100vw, 172px\" \/><\/a> <a href=\"https:\/\/drive.google.com\/file\/d\/1udoWYrUqZY3p2Hllst-GVz_sv6mvUjps\/view?usp=sharing\" target=\"_blank\" rel=\"noopener noreferrer\"><img loading=\"lazy\" decoding=\"async\" class=\"alignnone wp-image-131\" src=\"http:\/\/www.trampskemuzeum.sk\/wp-content\/uploads\/2020\/08\/titulka_1994_4_.jpg\" alt=\"\" width=\"170\" height=\"240\" srcset=\"https:\/\/www.trampskemuzeum.sk\/wp-content\/uploads\/2020\/08\/titulka_1994_4_.jpg 212w, https:\/\/www.trampskemuzeum.sk\/wp-content\/uploads\/2020\/08\/titulka_1994_4_-106x150.jpg 106w, https:\/\/www.trampskemuzeum.sk\/wp-content\/uploads\/2020\/08\/titulka_1994_4_-150x212.jpg 150w\" sizes=\"auto, (max-width: 170px) 100vw, 170px\" \/><\/a><\/p>\n<p><a href=\"https:\/\/drive.google.com\/file\/d\/14HDWMhXASxcARX6k0b9fXu-zHvhOS3vL\/view?usp=sharing\" target=\"_blank\" rel=\"noopener noreferrer\"><img loading=\"lazy\" decoding=\"async\" class=\"alignnone wp-image-132\" src=\"http:\/\/www.trampskemuzeum.sk\/wp-content\/uploads\/2020\/08\/titulka_1995_1_.jpg\" alt=\"\" width=\"172\" height=\"240\" srcset=\"https:\/\/www.trampskemuzeum.sk\/wp-content\/uploads\/2020\/08\/titulka_1995_1_.jpg 215w, https:\/\/www.trampskemuzeum.sk\/wp-content\/uploads\/2020\/08\/titulka_1995_1_-108x150.jpg 108w, https:\/\/www.trampskemuzeum.sk\/wp-content\/uploads\/2020\/08\/titulka_1995_1_-150x209.jpg 150w\" sizes=\"auto, (max-width: 172px) 100vw, 172px\" \/><\/a> <a href=\"https:\/\/drive.google.com\/file\/d\/1BtL7ouefy7opG8mvQC6fJcXl67m4pSHJ\/view?usp=sharing\" target=\"_blank\" rel=\"noopener noreferrer\"><img loading=\"lazy\" decoding=\"async\" class=\"alignnone wp-image-133\" src=\"http:\/\/www.trampskemuzeum.sk\/wp-content\/uploads\/2020\/08\/titulka_1995_2_.jpg\" alt=\"\" width=\"170\" height=\"240\" srcset=\"https:\/\/www.trampskemuzeum.sk\/wp-content\/uploads\/2020\/08\/titulka_1995_2_.jpg 212w, https:\/\/www.trampskemuzeum.sk\/wp-content\/uploads\/2020\/08\/titulka_1995_2_-106x150.jpg 106w, https:\/\/www.trampskemuzeum.sk\/wp-content\/uploads\/2020\/08\/titulka_1995_2_-150x212.jpg 150w\" sizes=\"auto, (max-width: 170px) 100vw, 170px\" \/><\/a> <a href=\"https:\/\/drive.google.com\/file\/d\/1DXItqtbOSScIaKzQNfYaSZZXZdBMy9q5\/view?usp=sharing\" target=\"_blank\" rel=\"noopener noreferrer\"><img loading=\"lazy\" decoding=\"async\" class=\"alignnone wp-image-134\" src=\"http:\/\/www.trampskemuzeum.sk\/wp-content\/uploads\/2020\/08\/titulka_1995_3_.jpg\" alt=\"\" width=\"170\" height=\"240\" srcset=\"https:\/\/www.trampskemuzeum.sk\/wp-content\/uploads\/2020\/08\/titulka_1995_3_.jpg 212w, https:\/\/www.trampskemuzeum.sk\/wp-content\/uploads\/2020\/08\/titulka_1995_3_-106x150.jpg 106w, https:\/\/www.trampskemuzeum.sk\/wp-content\/uploads\/2020\/08\/titulka_1995_3_-150x212.jpg 150w\" sizes=\"auto, (max-width: 170px) 100vw, 170px\" \/><\/a> <a href=\"https:\/\/drive.google.com\/file\/d\/1iF0e5WVKu1RcsoCgHzwls8vEIZcjeDLP\/view?usp=sharing\" target=\"_blank\" rel=\"noopener noreferrer\"><img loading=\"lazy\" decoding=\"async\" class=\"alignnone wp-image-135\" src=\"http:\/\/www.trampskemuzeum.sk\/wp-content\/uploads\/2020\/08\/titulka_1995_4_.jpg\" alt=\"\" width=\"167\" height=\"240\" srcset=\"https:\/\/www.trampskemuzeum.sk\/wp-content\/uploads\/2020\/08\/titulka_1995_4_.jpg 209w, https:\/\/www.trampskemuzeum.sk\/wp-content\/uploads\/2020\/08\/titulka_1995_4_-105x150.jpg 105w, https:\/\/www.trampskemuzeum.sk\/wp-content\/uploads\/2020\/08\/titulka_1995_4_-150x215.jpg 150w\" sizes=\"auto, (max-width: 167px) 100vw, 167px\" \/><\/a><\/p>\n<p><a href=\"https:\/\/drive.google.com\/file\/d\/1cpDnY1OGyLJpyEaa7grxaf7LHIxr62Ve\/view?usp=sharing\" target=\"_blank\" rel=\"noopener noreferrer\"><img loading=\"lazy\" decoding=\"async\" class=\"alignnone wp-image-136\" src=\"http:\/\/www.trampskemuzeum.sk\/wp-content\/uploads\/2020\/08\/titulka_1996_1_.jpg\" alt=\"\" width=\"170\" height=\"240\" srcset=\"https:\/\/www.trampskemuzeum.sk\/wp-content\/uploads\/2020\/08\/titulka_1996_1_.jpg 213w, https:\/\/www.trampskemuzeum.sk\/wp-content\/uploads\/2020\/08\/titulka_1996_1_-107x150.jpg 107w, https:\/\/www.trampskemuzeum.sk\/wp-content\/uploads\/2020\/08\/titulka_1996_1_-150x211.jpg 150w\" sizes=\"auto, (max-width: 170px) 100vw, 170px\" \/><\/a> <a href=\"https:\/\/drive.google.com\/file\/d\/1LXGE1fz8EeW-wzif-T9GSScf4qA4Waz4\/view?usp=sharing\" target=\"_blank\" rel=\"noopener noreferrer\"><img loading=\"lazy\" decoding=\"async\" class=\"alignnone wp-image-137\" src=\"http:\/\/www.trampskemuzeum.sk\/wp-content\/uploads\/2020\/08\/titulka_1996_2_.jpg\" alt=\"\" width=\"174\" height=\"240\" srcset=\"https:\/\/www.trampskemuzeum.sk\/wp-content\/uploads\/2020\/08\/titulka_1996_2_.jpg 217w, https:\/\/www.trampskemuzeum.sk\/wp-content\/uploads\/2020\/08\/titulka_1996_2_-109x150.jpg 109w, https:\/\/www.trampskemuzeum.sk\/wp-content\/uploads\/2020\/08\/titulka_1996_2_-150x207.jpg 150w\" sizes=\"auto, (max-width: 174px) 100vw, 174px\" \/><\/a> <a href=\"https:\/\/drive.google.com\/file\/d\/1A6v7V3HP-6ZqiCycHa7UL2FcrfDm4GV_\/view?usp=sharing\" target=\"_blank\" rel=\"noopener noreferrer\"><img loading=\"lazy\" decoding=\"async\" class=\"alignnone wp-image-138\" src=\"http:\/\/www.trampskemuzeum.sk\/wp-content\/uploads\/2020\/08\/titulka_1996_3_.jpg\" alt=\"\" width=\"169\" height=\"240\" srcset=\"https:\/\/www.trampskemuzeum.sk\/wp-content\/uploads\/2020\/08\/titulka_1996_3_.jpg 211w, https:\/\/www.trampskemuzeum.sk\/wp-content\/uploads\/2020\/08\/titulka_1996_3_-106x150.jpg 106w, https:\/\/www.trampskemuzeum.sk\/wp-content\/uploads\/2020\/08\/titulka_1996_3_-150x213.jpg 150w\" sizes=\"auto, (max-width: 169px) 100vw, 169px\" \/><\/a><\/p>\n<p><a href=\"https:\/\/drive.google.com\/file\/d\/1vdJTwBEM_j0SFDoZl2svv13SZM0SAjzK\/view?usp=sharing\" target=\"_blank\" rel=\"noopener noreferrer\"><img loading=\"lazy\" decoding=\"async\" class=\"alignnone wp-image-139\" src=\"http:\/\/www.trampskemuzeum.sk\/wp-content\/uploads\/2020\/08\/titulka_1997_1_.jpg\" alt=\"\" width=\"168\" height=\"240\" srcset=\"https:\/\/www.trampskemuzeum.sk\/wp-content\/uploads\/2020\/08\/titulka_1997_1_.jpg 210w, https:\/\/www.trampskemuzeum.sk\/wp-content\/uploads\/2020\/08\/titulka_1997_1_-105x150.jpg 105w, https:\/\/www.trampskemuzeum.sk\/wp-content\/uploads\/2020\/08\/titulka_1997_1_-150x214.jpg 150w\" sizes=\"auto, (max-width: 168px) 100vw, 168px\" \/><\/a> <a href=\"https:\/\/drive.google.com\/file\/d\/14xebbvwpPATWb37TGWRIJLgTk7QPLJfO\/view?usp=sharing\" target=\"_blank\" rel=\"noopener noreferrer\"><img loading=\"lazy\" decoding=\"async\" class=\"alignnone wp-image-140\" src=\"http:\/\/www.trampskemuzeum.sk\/wp-content\/uploads\/2020\/08\/titulka_1997_2_.jpg\" alt=\"\" width=\"170\" height=\"240\" srcset=\"https:\/\/www.trampskemuzeum.sk\/wp-content\/uploads\/2020\/08\/titulka_1997_2_.jpg 212w, https:\/\/www.trampskemuzeum.sk\/wp-content\/uploads\/2020\/08\/titulka_1997_2_-106x150.jpg 106w, https:\/\/www.trampskemuzeum.sk\/wp-content\/uploads\/2020\/08\/titulka_1997_2_-150x212.jpg 150w\" sizes=\"auto, (max-width: 170px) 100vw, 170px\" \/><\/a><\/p>\n<p><a href=\"https:\/\/drive.google.com\/file\/d\/14sPD32VCK1GFmTbKU2Ie0Pd11oUe2AI2\/view?usp=sharing\" target=\"_blank\" rel=\"noopener noreferrer\"><img loading=\"lazy\" decoding=\"async\" class=\"alignnone wp-image-141\" src=\"http:\/\/www.trampskemuzeum.sk\/wp-content\/uploads\/2020\/08\/titulka_1998_1_.jpg\" alt=\"\" width=\"170\" height=\"240\" srcset=\"https:\/\/www.trampskemuzeum.sk\/wp-content\/uploads\/2020\/08\/titulka_1998_1_.jpg 212w, https:\/\/www.trampskemuzeum.sk\/wp-content\/uploads\/2020\/08\/titulka_1998_1_-106x150.jpg 106w, https:\/\/www.trampskemuzeum.sk\/wp-content\/uploads\/2020\/08\/titulka_1998_1_-150x212.jpg 150w\" sizes=\"auto, (max-width: 170px) 100vw, 170px\" \/><\/a> <a href=\"https:\/\/drive.google.com\/file\/d\/1rEKCpkplN-N3zFt3UEcUR5hDemUHCSlj\/view?usp=sharing\" target=\"_blank\" rel=\"noopener noreferrer\"><img loading=\"lazy\" decoding=\"async\" class=\"alignnone wp-image-142\" src=\"http:\/\/www.trampskemuzeum.sk\/wp-content\/uploads\/2020\/08\/titulka_1998_2_.jpg\" alt=\"\" width=\"170\" height=\"240\" srcset=\"https:\/\/www.trampskemuzeum.sk\/wp-content\/uploads\/2020\/08\/titulka_1998_2_.jpg 213w, https:\/\/www.trampskemuzeum.sk\/wp-content\/uploads\/2020\/08\/titulka_1998_2_-107x150.jpg 107w, https:\/\/www.trampskemuzeum.sk\/wp-content\/uploads\/2020\/08\/titulka_1998_2_-150x211.jpg 150w\" sizes=\"auto, (max-width: 170px) 100vw, 170px\" \/><\/a><\/p>\n<p><strong><a href=\"http:\/\/www.trampskemuzeum.sk\/index.php\/archiv-casopisu\/archiv-severka-1999-2011\/\">1999 \u2013 2011<\/a><\/strong><\/p>\n<p><strong><a href=\"http:\/\/www.trampskemuzeum.sk\/index.php\/archiv-casopisu\/archiv-severka-2012-2019\/\">2012 \u2013 2019<\/a><\/strong><\/p>\n<p><a href=\"http:\/\/www.trampskemuzeum.sk\/index.php\/archiv-casopisu\/archiv-severka-2020-2025\/\" target=\"_blank\" rel=\"noopener\"><strong>2020 <\/strong><strong>\u2013 2025<\/strong><\/a><\/p>\n","protected":false},"excerpt":{"rendered":"<p>Arch\u00edv Severka 1989-1998 s\u00fabory s\u00fa umiestnen\u00e9 na google disku Trampsk\u00e9ho m\u00fazea vo form\u00e1te pdf 1989 \u2013 1998 1999 \u2013 2011 2012 \u2013 2019 2020 \u2013 2025<\/p>\n<p> <a class=\"continue-reading-link\" href=\"https:\/\/www.trampskemuzeum.sk\/index.php\/archiv-casopisu\/archiv-severka-1989-1998\/\"><span>Pokra\u010dovanie \u010dl\u00e1nku<\/span><i class=\"crycon-right-dir\"><\/i><\/a> <\/p>\n","protected":false},"author":1,"featured_media":0,"parent":26,"menu_order":0,"comment_status":"closed","ping_status":"closed","template":"","meta":{"footnotes":""},"class_list":["post-149","page","type-page","status-publish","hentry"],"_links":{"self":[{"href":"https:\/\/www.trampskemuzeum.sk\/index.php\/wp-json\/wp\/v2\/pages\/149","targetHints":{"allow":["GET"]}}],"collection":[{"href":"https:\/\/www.trampskemuzeum.sk\/index.php\/wp-json\/wp\/v2\/pages"}],"about":[{"href":"https:\/\/www.trampskemuzeum.sk\/index.php\/wp-json\/wp\/v2\/types\/page"}],"author":[{"embeddable":true,"href":"https:\/\/www.trampskemuzeum.sk\/index.php\/wp-json\/wp\/v2\/users\/1"}],"replies":[{"embeddable":true,"href":"https:\/\/www.trampskemuzeum.sk\/index.php\/wp-json\/wp\/v2\/comments?post=149"}],"version-history":[{"count":18,"href":"https:\/\/www.trampskemuzeum.sk\/index.php\/wp-json\/wp\/v2\/pages\/149\/revisions"}],"predecessor-version":[{"id":1354,"href":"https:\/\/www.trampskemuzeum.sk\/index.php\/wp-json\/wp\/v2\/pages\/149\/revisions\/1354"}],"up":[{"embeddable":true,"href":"https:\/\/www.trampskemuzeum.sk\/index.php\/wp-json\/wp\/v2\/pages\/26"}],"wp:attachment":[{"href":"https:\/\/www.trampskemuzeum.sk\/index.php\/wp-json\/wp\/v2\/media?parent=149"}],"curies":[{"name":"wp","href":"https:\/\/api.w.org\/{rel}","templated":true}]}}